x + 25766. Give s(2).
-596
Let d(v) = 16*v**2 + 1426*v - 74. Calculate d(-89).
-252
Let d(z) = 3970*z - 535866. What is d(135)?
84
Let u(o) = -51*o + 1127. Give u(44).
-1117
Let t(h) = -h**2 - 27991*h - 1703746. Calculate t(-61).
-16
Let v(u) = 235*u + 37767. Determine v(-161).
-68
Let k(q) = 953*q**2 - 1180*q - 1179. What is k(-1)?
954
Let c(w) = 2*w**2 + 553*w - 41978. What is c(62)?
-4
Let s(g) = 1124*g + 9186. What is s(-8)?
194
Let x(h) = h**3 + 53*h**2 - 115935*h - 5533. What is x(-368)?
-13
Let z(s) = -s**2 - 32*s + 5036. What is z(-85)?
531
Let f(c) = 7551*c + 135951. Give f(-18).
33
Let c(s) = -18*s**2 - 270*s + 1660. Calculate c(6).
-608
Let y(r) = -296*r + 877. Calculate y(-5).
2357
Let x(s) = 6*s**2 + 172*s + 1250. What is x(-8)?
258
Let l(h) = 1174*h**2 + 6631*h - 2478. Give l(-6).
0
Let d(n) = -n**3 + 11*n**2 + 525*n - 3841. What is d(7)?
30
Let i(c) = -c**3 - 53*c**2 - 31*c - 549. What is i(-52)?
-1641
Let a(m) = -3865581*m + 15462323. Determine a(4).
-1
Let f(j) = 2*j**3 - 47*j**2 + 113*j + 23. What is f(23)?
2093
Let r(p) = -p**2 + 54*p + 19149. Determine r(168).
-3
Let s(k) = 133206*k + 2397704. Calculate s(-18).
-4
Let k(f) = -35659*f - 2068233. Determine k(-58).
-11
Let u(x) = 5*x**3 + 23*x**2 - 354*x + 10. What is u(-11)?
32
Let d(x) = 3035*x**2 - 2759*x + 2758. Give d(1).
3034
Let t(w) = w**2 - 3774*w + 93738. What is t(25)?
13
Let p(j) = 255*j - 6181. Give p(22).
-571
Let s(t) = 149*t - 425. Determine s(5).
320
Let f(b) = -336*b**3 + 3359*b**2 - 14*b + 226. Give f(10).
-14
Let n(d) = -439*d + 1243. Calculate n(3).
-74
Let o(y) = -4*y**3 + 10*y**2 - 1152*y + 7939. Determine o(7).
-1007
Let n(r) = 32*r**2 + 230*r + 2003. Calculate n(-9).
2525
Let z(s) = 52*s - 479. Calculate z(-25).
-1779
Let y(c) = 388*c + 362. Give y(-1).
-26
Let y(n) = -9*n**3 - 184*n**2 + 1092*n - 79. What is y(6)?
-2095
Let m(p) = -29783*p - 238273. Determine m(-8).
-9
Let l(a) = -1153*a - 66. What is l(0)?
-66
Let n(d) = 3*d**2 + 19843*d - 139049. Give n(7).
-1
Let g(z) = 574*z + 11754. What is g(-21)?
-300
Let u(h) = -h**2 + 616*h - 14816. What is u(25)?
-41
Let a(l) = 8*l + 241. Give a(-31).
-7
Let p(z) = 241*z**2 + 125*z + 248. Calculate p(-2).
962
Let i(y) = -562496*y + 1124998. Calculate i(2).
6
Let o(f) = 166549*f + 333121. Calculate o(-2).
23
Let l(h) = 242*h - 6706. Calculate l(26).
-414
Let t(i) = -33113*i + 165653. Give t(5).
88
Let q(m) = 178*m**2 - 2321*m + 67. Give q(13).
-24
Let s(r) = 58906*r + 118247. Calculate s(-2).
435
Let t(m) = -19433*m - 1399177. Determine t(-72).
-1
Let x(k) = 4*k**3 + 116*k**2 - 28*k + 3147. Determine x(-30).
387
Let s(m) = 4*m**2 - 74034*m + 1774513. Determine s(24).
1
Let o(m) = 62*m**2 - 602*m - 120. Determine o(10).
60
Let d(t) = 15*t**2 - 219*t - 1301. What is d(-6)?
553
Let b(r) = 339*r + 10264. Calculate b(-32).
-584
Let k(o) = -o**2 + 2838*o - 64744. Determine k(23).
1
Let t(u) = u**3 - 29*u**2 - 1121*u - 35. Determine t(-24).
-3659
Let z(h) = -7197*h + 208539. Give z(29).
-174
Let d(z) = 139*z - 9215. Give d(106).
5519
Let n(d) = d**3 + 549*d**2 + 54763*d + 2091. Determine n(-418).
1
Let o(g) = 6*g**2 - 1789*g + 94090. Calculate o(68).
182
Let b(k) = k**3 - 25*k**2 + 346*k - 3566. Give b(17).
4
Let m(s) = -433*s - 26824. Give m(-62).
22
Let f(t) = 18451*t + 756484. Calculate f(-41).
-7
Let o(a) = -a**3 - 59*a**2 - 919*a - 4226. What is o(-9)?
-5
Let x(p) = 43994*p + 264006. What is x(-6)?
42
Let k(p) = 670*p**3 + 6*p**2 + 2*p + 2. Determine k(-1).
-664
Let c(f) = -f**3 + 64*f**2 + 10*f - 618. What is c(64)?
22
Let b(k) = -53230*k**2 + 34652729*k + 654. What is b(651)?
3
Let f(r) = -r**3 - 47*r**2 - 55*r + 952. Determine f(-44).
-2436
Let n(j) = 3*j**2 + 213*j + 650. Calculate n(-3).
38
Let j(q) = 5*q**2 - 610*q - 1171. What is j(124)?
69
Let p(d) = -d**3 - 263*d**2 - 56*d - 14001. Give p(-263).
727
Let g(w) = -w**2 - 10207*w - 1200385. Calculate g(-119).
87
Let q(w) = 2612*w + 25629. What is q(-10)?
-491
Let i(x) = -2*x**3 + 165*x + 336. What is i(-2)?
22
Let t(n) = 216*n + 1664. Give t(-8).
-64
Let f(v) = v**3 + 36*v**2 - 3361*v - 12. Calculate f(0).
-12
Let m(p) = 3*p**2 - 1078*p - 93138. Calculate m(-72).
30
Let s(r) = -2*r**2 + 202*r - 1528. Determine s(8).
-40
Let p(y) = 21*y**2 - 383*y - 1227. Calculate p(21).
-9
Let s(w) = -4*w**2 - 234*w + 5180. Determine s(23).
-2318
Let t(v) = -1856*v + 111361. Determine t(60).
1
Let t(c) = -3*c**3 - 66*c**2 - 352*c - 33. Calculate t(-9).
-24
Let v(u) = -5*u**3 + 526*u**2 - 201*u + 10815. Calculate v(105).
735
Let d(h) = -30139*h - 422049. What is d(-14)?
-103
Let j(w) = 2530*w + 579410. What is j(-229)?
40
Let s(l) = l**3 + 281*l**2 - 593*l - 8036. Calculate s(-283).
-395
Let s(x) = -8391*x - 327248. What is s(-39)?
1
Let b(r) = -55530*r + 3276243. What is b(59)?
-27
Let w(x) = 165729*x**2 - 165743*x - 2. Calculate w(1).
-16
Let a(k) = -2*k**3 - 353*k**2 + 871*k - 4263. Calculate a(-179).
33
Let u(h) = -1774*h**2 - 1899*h - 102. Calculate u(-1).
23
Let o(y) = -13768*y - 1555778. Give o(-113).
6
Let c(l) = -10*l**2 - 101*l - 65. Give c(-9).
34
Let f(l) = 17198*l - 189199. What is f(11)?
-21
Let g(h) = -27*h**2 - 2309*h - 867. What is g(-85)?
323
Let d(s) = 8156*s + 16326. Determine d(-2).
14
Let b(t) = 3540*t + 25378. Calculate b(-7).
598
Let l(k) = -k**3 - 6*k**2 - 55*k - 45. Determine l(-5).
205
Let s(a) = -a**3 + 139*a**2 + 866*a + 737. Determine s(-5).
7
Let c(h) = -7226*h - 102235. Calculate c(-14).
-1071
Let m(k) = -14*k**2 - 8065*k - 40325. Calculate m(-5).
-350
Let p(f) = -215*f**3 - 2*f**2 - f - 339. What is p(0)?
-339
Let y(t) = t**3 - 133*t**2 - 1482*t + 180626. What is y(134)?
-6
Let t(z) = -2*z**3 + 8*z**2 + 190*z - 615. Calculate t(3).
-27
Let c(b) = -268*b**2 - 2294*b - 73. What is c(-8)?
1127
Let g(a) = 5*a**3 - 2*a**2 + 10*a + 294. What is g(0)?
294
Let s(z) = -3*z**3 + 1604*z**2 + 13594*z - 10330. Determine s(543).
-13
Let q(o) = 15*o**3 + 135*o**2 + 204*o + 68. What is q(-1)?
-16
Let t(v) = -v**3 + 305*v**2 + 1875*v + 26. Calculate t(-6).
-28
Let n(u) = -u**2 + 192*u - 7450. Calculate n(51).
-259
Let m(a) = 2*a**2 + 80*a - 275. Give m(-22).
-1067
Let o(h) = -2572*h + 187740. Determine o(73).
-16
Let c(o) = -330889*o - 661733. Give c(-2).
45
Let x(g) = 84*g**2 - 141*g - 223. Determine x(-5).
2582
Let v(g) = -2234*g - 1432. Determine v(-1).
802
Let t(r) = -2*r**2 + 25*r + 700. Calculate t(25).
75
Let m(b) = -b**3 + 16*b**2 - 189*b + 2688. Give m(15).
78
Let b(d) = -1705*d + 3505. Calculate b(2).
95
Let v(i) = 40*i**2 - 787*i + 1850. Calculate v(17).
31
Let x(j) = -613*j - 24038. What is x(-39)?
-131
Let i(c) = 165*c - 8530. Give i(33).
-3085
Let f(o) = -3044*o**2 - 98*o - 4. Give f(0).
-4
Let k(c) = 5*c**2 - 16*c - 2029. What is k(-14)?
-825
Let d(q) = -1875*q + 110602. Determine d(59).
-23
Let q(a) = 2906*a - 3830. Give q(1).
-924
Let r(u) = u**2 - 487*u + 11886. Give r(26).
-100
Let f(w) = -w**3 + 594*w**2 + 3418*w - 253374. Calculate f(599).
3
Let b(c) = c**2 - 193*c - 25795. Give b(284).
49
Let t(m) = 178*m**3 - 7478*m**2 + 40*m + 1832. Determine t(42).
-16
Let c(f) = -834076*f - 10842993. What is c(-13)?
-5
Let o(w) = w**3 + 38*w**2 - 2991*w + 870. Determine o(-77).
-54
Let k(i) = 33834*i - 947359. Give k(28).
-7
Let o(j) = -2087*j - 329709. Determine o(-158).
37
Let c(m) = m**2 + 1943*m + 897364. Give c(-756).
-8
Let o(x) = 9*x**2 - 668*x - 321. Determine o(75).
204
Let l(s) = -47*s**2 + 15088*s - 251. What is l(321)?
70
Let k(h) = -h**3 - 935*h**2 + 13306*h - 218. Calculate k(14).
62
Let k(c) = 44*c**2 - 120*c + 48. Give k(2).
-16
Let y(s) = -5*s**2 - 146*s - 247. What is y(-28)?
-79
Let c(k) = -k**3 - 62*k**2 + 593*k + 419. Calculate c(9).
5
Let g(x) = 541*x + 6021. What is g(-11)?
70
Let v(p) = 22*p**2 + 1035*p + 11264. Calculate v(-30).
14
Let k(s) = 8*s**2 - 28*s + 110. What is k(5)?
170
Let t(l) = 21*l**2 - 1150. Calculate t(0).
-1150
Let m(l) = -41*l**3 + 451*l**2 + 24*l - 69. Calculate m(11).
195
Let l(f) = -15*f**3 + 783*f**2 - 1088*f + 48463. Determine l(52).
-1
Let o(v) = -134075*v + 1742980. Give o(13).
5
Let l(u) = 50*u**2 + 2680*u + 12142. What is l(-5)?
-8
Let d(z) = 3*z**3 + 103*z**2 + 138*z + 189. What is d(-33)?
-9
Let n(c) = c**2 - 1911*c + 54635. Determine n(29).
57
Let s(y) = -5*y**2 - 3436*y + 13765. Give s(4